55. Determine w(-16).
207
Let d(w) = 131*w**2 - 21218*w - 654. What is d(162)?
-6
Let u(f) = -66*f**2 - 38309*f - 38308. What is u(-1)?
-65
Let c(z) = -z**2 + 64736*z - 3169690. Calculate c(49).
-27
Let w(s) = s**2 - 14292*s + 7478919. Give w(544).
7
Let j(b) = b**3 - 154*b**2 + 345*b - 27982. Determine j(153).
1394
Let k(u) = u**2 - 376*u - 1805. Calculate k(-5).
100
Let o(t) = -11*t**2 - 3228*t - 25919. What is o(-8)?
-799
Let h(s) = 394943*s - 1184815. Calculate h(3).
14
Let g(b) = 16*b**2 + 49*b + 50. Give g(-2).
16
Let j(r) = 2*r**3 + 44*r**2 - 2650*r + 146. What is j(27)?
38
Let m(c) = -9084*c**2 - 381517*c + 454. Determine m(-42).
-8
Let i(d) = 244*d - 2962. What is i(7)?
-1254
Let j(s) = 16854*s + 168703. Give j(-10).
163
Let m(r) = 141*r + 18584. Calculate m(-126).
818
Let l(u) = -433*u**2 - 6986*u - 927. Calculate l(-16).
1
Let o(y) = 192*y + 21584. Calculate o(-102).
2000
Let h(c) = c**3 - 80*c**2 + 63*c - 11674. Determine h(81).
-10
Let l(f) = f**3 + 385*f + 2644. Determine l(-7).
-394
Let t(a) = 7*a**2 - 97186*a - 875243. Calculate t(-9).
-2
Let u(i) = 9*i**3 - 361*i**2 - 319*i - 425. Calculate u(41).
-56
Let d(g) = -545949*g - 14. What is d(0)?
-14
Let q(v) = 5*v**2 - 4733*v + 4727. What is q(1)?
-1
Let o(b) = -b**3 + 7*b**2 + 1914*b + 9402. Give o(-5).
132
Let b(x) = -58*x**3 - 7*x**2 + 21*x - 21. Give b(2).
-471
Let i(z) = 1207*z**2 - 2285*z + 19. What is i(2)?
277
Let k(c) = -3*c**2 - 225*c + 3963. Give k(-90).
-87
Let b(u) = -247*u**3 + 5*u**2 + 211*u - 216. Calculate b(1).
-247
Let g(l) = -245*l + 9704. What is g(41)?
-341
Let s(c) = 20221*c - 141548. Give s(7).
-1
Let d(n) = -3*n**3 - 39*n**2 - 44*n + 68. Determine d(-11).
-174
Let k(l) = l**2 + 166*l - 27100. Give k(-267).
-133
Let d(v) = 5505*v + 638579. Give d(-116).
-1
Let q(w) = -2*w**2 + 2563*w + 89327. What is q(-34)?
-127
Let c(l) = 535*l + 35939. Determine c(-67).
94
Let g(n) = 435*n**3 - n**2 - 64*n + 137. Calculate g(2).
3485
Let z(k) = -k**3 - 18*k + 212. Calculate z(7).
-257
Let k(l) = l**2 - 64*l - 2894. Calculate k(-31).
51
Let h(o) = 21*o**3 + 4997*o**2 - 206*o + 7625. Determine h(-238).
9
Let r(j) = 354*j - 29610. What is r(76)?
-2706
Let o(y) = -2*y**2 + 3882*y - 23258. What is o(6)?
-38
Let t(m) = m**2 + 4643*m - 1779651. What is t(356)?
-7
Let y(m) = m**3 + 6*m**2 - 422*m - 855. Calculate y(19).
152
Let x(d) = -2*d**2 - 62256*d + 249044. Give x(4).
-12
Let n(a) = a**3 - 27*a**2 - 712*a - 2702. Calculate n(-5).
58
Let n(t) = 3*t**3 - 131*t**2 + 218*t - 5706. Determine n(43).
-30
Let r(s) = 8*s**2 + 87*s - 228. Give r(-22).
1730
Let v(i) = 2*i**3 - 58*i**2 + 196*i + 944. Give v(24).
-112
Let x(z) = 17*z**3 - 12*z**2 + 49*z + 164. Calculate x(-2).
-118
Let l(k) = 5*k**3 - 266*k**2 - 58808*k - 6207. Determine l(-85).
-2
Let w(v) = 3*v**3 + 94*v**2 - 179*v - 426. Determine w(-33).
36
Let h(l) = -26*l**2 - 1146*l - 152. Calculate h(-44).
-64
Let n(j) = -j**3 - 50*j**2 - 44*j + 245. Give n(-49).
0
Let m(q) = -10*q**2 + 186*q + 1945. Give m(-8).
-183
Let x(l) = -l**3 - 85*l**2 - 415*l - 13710. Calculate x(-82).
148
Let j(r) = -1111902*r - 1111891. Calculate j(-1).
11
Let r(t) = 16*t**2 - 78*t - 562. Determine r(-8).
1086
Let t(r) = -411*r + 2874. What is t(6)?
408
Let s(b) = 38*b - 3288. What is s(54)?
-1236
Let p(x) = 583*x + 9885. Determine p(-11).
3472
Let x(d) = 3899*d + 53087. Determine x(-13).
2400
Let d(p) = -2*p**2 - 297*p - 8087. Determine d(-36).
13
Let o(a) = a**3 - 6*a**2 - 29*a - 40. Give o(10).
70
Let k(o) = 91*o**2 - 223*o - 455. Give k(-2).
355
Let i(h) = -5*h**3 - 543*h**2 - 387*h - 6775. Calculate i(-108).
29
Let l(k) = -2041115*k - 12246663. Give l(-6).
27
Let m(r) = 1027*r - 3969. Give m(5).
1166
Let x(z) = -50*z**2 - 6237*z - 4596. Give x(-124).
-8
Let a(k) = 2*k**3 - 13*k**2 - 12684*k + 50789. Give a(4).
-27
Let d(l) = 10730*l + 1115886. What is d(-104)?
-34
Let d(w) = -w**3 + 15*w**2 - 5231*w + 46571. Calculate d(9).
-22
Let w(l) = -1838*l + 1641329. Give w(893).
-5
Let j(v) = -2*v**3 - 224*v**2 + 5295*v + 1976. Calculate j(-132).
-4
Let i(c) = 38*c**3 - 2*c**2 + 40*c - 37. What is i(1)?
39
Let q(i) = i**3 - 28*i**2 + 144*i - 2959. Calculate q(25).
-1234
Let h(m) = -m**2 + 410*m + 91205. What is h(-160)?
5
Let x(g) = 2*g**3 + 24*g**2 - 6*g + 666. Calculate x(-14).
-34
Let b(c) = c**2 + 13275*c - 3809227. Calculate b(281).
9
Let v(u) = -3361*u + 20163. Determine v(6).
-3
Let n(a) = -a**3 + 62*a**2 - 488*a + 23. Give n(53).
-560
Let n(f) = 739*f - 237974. Determine n(322).
-16
Let l(y) = -33377*y + 634491. Determine l(19).
328
Let j(b) = -137*b + 18031. What is j(133)?
-190
Let d(v) = 2*v**3 + 9*v**2 + 245*v + 1248. Calculate d(-5).
-2
Let h(m) = 62503*m + 125072. Determine h(-2).
66
Let p(v) = -2*v**3 + 133*v**2 - 197*v - 27. Calculate p(0).
-27
Let k(l) = -260*l**2 - 8825*l + 386. What is k(-34)?
-124
Let a(q) = 5*q**2 - 695*q - 60900. Give a(-61).
100
Let n(h) = h**3 - 7*h**2 + 509*h - 2596. Give n(5).
-101
Let r(n) = n**2 + 2198*n + 1204188. Calculate r(-1039).
-13
Let z(a) = -6*a**3 + 21*a**2 - 18949*a + 18926. Calculate z(1).
-8
Let u(c) = -c**3 - 9*c**2 + 2831*c + 28. Calculate u(0).
28
Let u(g) = 4390*g - 61332. What is u(14)?
128
Let i(g) = 5*g**3 + 166*g**2 + 1365*g + 656. Determine i(-13).
-20
Let x(i) = -i**3 - 26*i**2 - 26*i - 625. Give x(-26).
51
Let u(w) = w**2 + 33156*w + 29500510. Give u(-915).
-5
Let x(g) = -90*g - 13461. Determine x(-146).
-321
Let m(v) = -2915*v - 212798. Determine m(-73).
-3
Let j(r) = 14570*r - 597359. Give j(41).
11
Let x(r) = 311*r**3 + r**2 + 21*r - 23. What is x(1)?
310
Let d(c) = c**2 - 660*c - 5996. Determine d(-9).
25
Let f(r) = 2*r**2 + 2975*r - 602165. Calculate f(-1668).
-17
Let t(m) = -m**3 + 129*m**2 - 1553*m - 6765. What is t(115)?
-210
Let s(o) = 341912*o + 1709552. What is s(-5)?
-8
Let j(s) = -3350*s + 44640. Calculate j(13).
1090
Let j(q) = q**2 - 495*q + 59295. Determine j(292).
19
Let w(y) = 471931*y - 1887746. Determine w(4).
-22
Let d(r) = -98*r**2 + 11718*r - 35182. Give d(3).
-910
Let v(c) = 22341*c + 201133. Calculate v(-9).
64
Let t(f) = 57273*f + 572729. What is t(-10)?
-1
Let p(f) = -2*f**3 - 194*f**2 - 619*f - 5177. Determine p(-94).
-7
Let o(j) = 396*j**3 + 4743*j**2 - 110*j - 13. Give o(-12).
11
Let r(o) = -3*o**3 - 38*o**2 + 77*o - 44. Determine r(-15).
376
Let j(p) = -56*p**2 - 1339*p - 2411. What is j(-2)?
43
Let h(y) = 139965*y + 5. What is h(0)?
5
Let r(z) = -116527*z + 1747872. Calculate r(15).
-33
Let y(o) = -200*o**2 - 7801*o - 56. Give y(-39).
-17
Let u(c) = 11218*c - 347773. Calculate u(31).
-15
Let u(t) = 153*t**2 - 1478*t - 229. Determine u(11).
2026
Let n(l) = 11*l**2 + 1617*l + 12257. Give n(-8).
25
Let w(j) = -30254*j - 998404. Determine w(-33).
-22
Let d(u) = 5877*u + 29381. What is d(-5)?
-4
Let z(v) = -574252*v - 36752136. Determine z(-64).
-8
Let d(l) = 4*l**3 - 45*l**2 - 26*l - 81. Calculate d(12).
39
Let b(g) = 37*g**2 + 12*g - 10292. What is b(-17)?
197
Let o(k) = -12*k**2 + 2157*k - 17250. Give o(8).
-762
Let g(t) = -t**2 - 111099*t - 333290. Determine g(-3).
-2
Let d(s) = 2*s**3 - 20*s**2 + 31*s + 99. Calculate d(11).
682
Let z(f) = 8*f**2 + 53*f + 74. What is z(-8)?
162
Let v(g) = -3411*g + 279679. Calculate v(82).
-23
Let k(f) = -52*f**3 - 16*f**2 - 15*f + 17. Give k(-2).
399
Let l(s) = s**2 + 82*s + 834. Determine l(-31).
-747
Let x(k) = -8*k**2 + 2228*k - 21468. Determine x(10).
12
Let h(o) = -3*o**2 - 93*o + 877. Give h(-50).
-1973
Let a(s) = 23026*s - 92130. Calculate a(4).
-26
Let k(m) = 588*m + 20468. Determine k(-35).
-112
Let m(h) = -88268*h + 1500479. Give m(17).
-77
Let d(l) = -2613*l - 85082. Give d(-33).
1147
Let q(h) = 41759*h - 41805. Determine q(1).
-46
Let r(y) = -563*y + 165543. Calculate r(294).
21
Let t(o) = 1230*o - 136322. What is t(111)?
208
Let q(p) = 878*p**2 - 1890*p + 256. What is q(2)?
-12
Let s(d) = -16317*d + 3818183. What is s(234)?
5
Let t(w) = 17864*w + 553671. Determine t(-31).
-113
Let k(g) = -947*g + 102157. Give k(108).
-119
Let k(o) = 23268*o - 209409. Calculate k(9).
3
Let v(k) = 276089*k - 2484795. What is v(9)?
6
Let r(d) = -98616*d - 788921. Give r(-8).
7
Let t(y) = -5*y**2 - 835*y - 2459. Determine t(-3).
1
Let w(m) = 4*m**3 + 58*m**2 + 117*m - 240. Calculate w(-13).
-747
Let f(l) = -l**3 + 11*l**2 + 5